 (base 13) in base 11?
-12432a7
Convert 31237 (base 9) to base 4.
11002000
1111205 (base 6) to base 5
3243041
Convert -36ca (base 15) to base 7.
-46003
-1030570 (base 8) to base 12
-113048
2b7475 (base 14) to base 12
6127a7
-110132220 (base 5) to base 11
-2a4194
-274161 (base 11) to base 12
-188a99
What is 3520414 (base 6) in base 9?
306081
What is -23aaff (base 16) in base 5?
-1044300120
Convert 25cb3a (base 13) to base 6.
31325531
-5a622 (base 12) to base 16
-1dbfa
Convert -86054 (base 9) to base 13.
-1cb9a
What is 241110552 (base 6) in base 16?
453284
-952941 (base 11) to base 10
-1526460
3312231 (base 5) to base 4
31331213
32024 (base 13) to base 9
146538
119a44 (base 12) to base 7
2302414
-2516 (base 14) to base 3
-22220022
4588b (base 15) to base 14
5a918
What is 1411145 (base 9) in base 8?
2751611
What is -176a86 (base 11) in base 12?
-111a78
Convert 3898593 (base 10) to base 15.
520213
Convert 439220 (base 10) to base 6.
13225232
Convert -1011101110100101 (base 2) to base 6.
-1010221
What is -14b37 (base 12) in base 7?
-151231
What is -1421c0 (base 16) in base 15?
-1b0dc5
330211201 (base 4) to base 14
6661b
What is -1896b25 (base 13) in base 12?
-2851876
Convert 1010101110010000001 (base 2) to base 14.
92093
11010001010111101 (base 2) to base 4
122022331
Convert -11101011001011111000010 (base 2) to base 6.
-433102310
What is 121233353 (base 7) in base 13?
1751423
120442 (base 9) to base 12
35b85
Convert 3770093 (base 10) to base 2.
1110011000011011101101
Convert -121304433 (base 5) to base 9.
-1062273
-1314514 (base 8) to base 13
-cb01c
Convert -1377442 (base 9) to base 7.
-6313454
What is 6a617 (base 15) in base 3?
122012211211
What is 130818 (base 10) in base 8?
377402
15142355 (base 7) to base 2
101011111010101100000
Convert -261a2 (base 15) to base 9.
-205158
33646 (base 9) to base 14
823c
-145883 (base 10) to base 5
-14132013
What is 59a412 (base 12) in base 3?
2201121011212
What is 731512 (base 12) in base 11?
1024278
What is 31b2b1 (base 14) in base 5?
412320434
Convert 165317 (base 8) to base 10.
60111
Convert 53661 (base 13) to base 15.
2e8c9
What is 100101010000011111 (base 2) in base 13?
54600
4064527 (base 8) to base 2
100000110100101010111
What is -2303204 (base 6) in base 14?
-30ab2
-31ada (base 14) to base 2
-11101010101010000
-1963e (base 15) to base 4
-110013221
a6864 (base 11) to base 4
211330222
45500 (base 14) to base 16
291ac
What is 12202102020012 (base 3) in base 4?
23222311223
Convert -4db38 (base 15) to base 14.
-669cb
21113113 (base 4) to base 16
95d7
Convert -b5c942 (base 13) to base 16.
-40ecf7
What is -11111010011010101 (base 2) in base 3?
-20111212122
214024411 (base 5) to base 10
923731
Convert -1111001011110011000 (base 2) to base 9.
-837464
Convert -c815a (base 14) to base 5.
-110430340
-65a605 (base 12) to base 15
-21d6eb
Convert 1504252 (base 6) to base 10.
86504
-6555614 (base 8) to base 2
-110101101101110001100
What is 1112a33 (base 12) in base 2?
1100011100000001000111
What is 323323414 (base 5) in base 10?
1386109
116156 (base 7) to base 15
64db
Convert -11a681 (base 16) to base 15.
-17cb0c
-2012103323 (base 4) to base 14
-1046b9
Convert -36177410 (base 8) to base 6.
-441543052
101100111110110101 (base 2) to base 4
230332311
174921 (base 10) to base 5
21044141
What is -20204156 (base 7) in base 2?
-110011010101011110010
-13353ca (base 13) to base 7
-102215404
10101101110000001011 (base 2) to base 14
147511
77034 (base 12) to base 16
26668
What is -100132201 (base 4) in base 10?
-67489
Convert -21121012120 (base 3) to base 12.
-726a3
Convert -363804 (base 10) to base 7.
-3043440
What is -14838811 (base 9) in base 16?
-7106c2
What is 43125006 (base 8) in base 16?
8caa06
What is 12102011000022 (base 3) in base 13?
799472
Convert 13750556 (base 8) to base 12.
1071666
What is -8f8ea (base 16) in base 6?
-20334134
What is -365062 (base 7) in base 3?
-10101100011
6a7a03 (base 15) to base 10
5088378
Convert -182b3 (base 13) to base 11.
-32033
What is -211220212211220 (base 3) in base 5?
-11104301404
39278 (base 12) to base 2
10011000100111100
Convert 10010101110110110 (base 2) to base 16.
12bb6
What is -344667 (base 8) in base 12?
-57987
What is 7517 (base 16) in base 5?
1424400
What is 11010011101000100 (base 2) in base 15?
2218b
1877a (base 14) to base 15
134d3
Convert 2601643 (base 7) to base 10.
336808
What is 1520015 (base 6) in base 13?
3116c
Convert a37a5 (base 11) to base 7.
1200204
22220101220 (base 3) to base 2
101010110010010110
What is -33c54 (base 14) in base 4?
-132233102
Convert 32981 (base 11) to base 4.
23222103
What is 12353425 (base 6) in base 16?
62999
Convert 479842 (base 11) to base 15.
100159
What is -1a3218 (base 16) in base 5?
-414414020
-1107080 (base 9) to base 6
-20433413
What is 2446843 (base 12) in base 4?
122330010303
Convert eba7e (base 15) to base 2.
10110110101011010100
101111110100011100110 (base 2) to base 13
42b2b8
What is 20343334 (base 7) in base 10?
1708312
What is -2104223 (base 6) in base 9?
-164866
What is 27864 (base 11) in base 13?
15070
142380 (base 10) to base 4
202300230
What is 1145b5b (base 13) in base 11?
3007a51
Convert -10222312002 (base 4) to base 10.
-1224066
What is 12130000 (base 7) in base 5?
234122401
Convert 235282 (base 11) to base 12.
15ba44
Convert -1175206 (base 9) to base 16.
-9c4e6
159649 (base 10) to base 6
3231041
Convert a37b (base 13) to base 12.
11097
Convert 371523 (base 14) to base 16.
1cc7bb
Convert 168055 (base 9) to base 12.
50435
What is 321302222122 (base 4) in base 2?
111001110010101010011010
What is 14458a (base 11) in base 6?
4500350
Convert -1244444 (base 9) to base 11.
-424210
What is -19494a (base 15) in base 13?
-341182
-636387 (base 10) to base 3
-1012022221220
78037 (base 14) to base 6
10122453
Convert 26e11 (base 15) to base 9.
210007
10000102201221 (base 3) to base 12
653714
What is -6308255 (base 9) in base 6?
-200134205
Convert 102211000000 (base 3) to base 15.
48d86
-1001001000011111001100 (base 2) to base 11
-1395769
Convert 2456182 (base 9) to base 15.
1b5e92
Convert -22b364 (base 14) to base 9.
-2203212
Convert -2134250 (base 6) to base 8.
-316726
Convert 207fd (base 16) to base 3.
20202121021
Convert -35155254 (base 6) to base 15.
-1677da
Convert -8625c5 (base 13) to base 4.
-30000111212
Convert 56761523 (base 8) to base 14.
18c7587
Convert 177a38 (base 11) to base 4.
1002322322
Convert -2022300222 (base 4) to base 9.
-1055573
-bb9 (base 15) to base 16
-a59
Convert 14005020 (base 7) to base 5.
312431433
What is 101310020030 (base 4) in base 15?
623a5e
What is -172b70 (base 14) in base 15?
-1114d8
What is 49bb1 (base 13) in base 3?
20220120210
11606265 (base 7) to base 11
653607
-1100011010011000 (base 2) to base 7
-301136
What is 1221020021101 (base 3) in base 2?
11111010111111111001
What is -20112103022 (base 4) in base 6?
-114523522
What is -599d82 (base 14) in base 16?
-2eb9ce
Convert 85242 (base 10) to base 8.
246372
6634471 (base 9) to base 15
4a6887
-210001122 (base 3) to base 4
-3233321
-2610651 (base 12) to base 6
-424244141
Convert 2624099 (base 11) to base 10.
4544142
1215e37 (base 15) to base 13
28c6126
Convert beedb6 (base 15) to base 6.
523150113
What is 3dac13 (base 15) in base 2?
1011010101110000101110
Convert -15d8a (base 15) to base 12.
-349b7
What is 1549 (base 12) in base 5?
40010
What is 202010000011 (base 3) in base 11?
250455
What is -643604 (base 8) in base 9?
-356725
30212420 (base 5) to base 15
4b8c5
Convert -100120010010 (base 3) to base 13.
-67854
What is -13433000 (base 6) in base 10?
-455544
What is 505aa59 (base 11) in base 12?
2bb4a22
11100001210212 (base 3) to base 13
628a66
Convert -102021011221221 (base 3) to base 5.
-3013042443
-18bb (base 12) to base 3
-11010222
121100212 (base 4) to base 16
19426
What is -54425412 (base 6) in base 14?
-302b84
What is -2402254 (base 6) in base 2?
-11110100000011010
100000100110111100000 (base 2) to base 12
436428
What is 763604 (base 16) in base 13?
17b328c
-42ba34 (base 14) to base 8
-10476536
Convert 200010102200010 (base 3) to base 14.
13caa6b
-21233132231 (base 4) to base 11
-1494762
What is -11376431 (base 9) in base 10?
-5542210
What is 15530240 (base 6) in base 4?
2013300300
Convert 1761400 (base 10) to base 8.
6560170
-32322530 (